k + 36. Calculate c(k).
-5
Let z be -1*(2 - 1 - 5). Let c(g) = -2*g**2 + 3*g - 6. Let p(b) = 2*b**2 - 3*b + 5. Let t be (-8)/52 - (-123)/39. Let x(v) = t*c(v) + z*p(v). What is x(2)?
4
Let m(x) = 2*x**2 - x - 2. Let r be m(2). Suppose 7*i + 15 = 2*i + r*z, 5*i + 15 = -2*z. Let h(j) = j - 1. What is h(i)?
-4
Let a(q) = 2*q**2 + 2*q**2 - 2*q**2 - q**2. Determine a(-3).
9
Let i(d) = 11*d**3 + 17*d**2 + 9*d - 19. Let t(p) = -5*p**3 - 8*p**2 - 4*p + 9. Let q(b) = -6*i(b) - 13*t(b). Give q(3).
-18
Let u(d) = 5*d**3 - 3 + 2*d**2 + 8*d - 2 - 9*d**2 - 4*d**3. Give u(6).
7
Suppose -2 = -2*q + 2. Let x(j) = -7*j**2 + 7*j - 2. Let f(u) = -10*u**2 + 10*u - 3. Let g(t) = -5*f(t) + 7*x(t). What is g(q)?
3
Let v = 59 - 41. Suppose 5*p - 3*x - 40 = 0, -2 = 4*x + v. Let k(f) = f**3 - 6*f**2 + 6*f - 5. Determine k(p).
0
Let m(g) = -g**3 + 2*g**2 - 3*g - 1. Let l(o) = -2*o**3 + 3*o**2 - 6*o - 2. Let w(k) = 6*l(k) - 11*m(k). Let y(t) = 3*t + 7. Let p be y(-3). Calculate w(p).
-3
Suppose 2*l - 4 = 3*l. Let d(u) = u**2 + 6*u + 6. Calculate d(l).
-2
Let l(t) be the second derivative of -t**4/12 + t**3/2 + 5*t. What is l(5)?
-10
Let c(s) = -s**3 - 5*s**2 - 5*s. Let v be 14/(-4) + 2/(-4). Let a be c(v). Let u(x) = x - 7. Let z(g) = -2*g + 13. Let i(h) = 7*u(h) + 4*z(h). What is i(a)?
-1
Let m(q) be the third derivative of 1/24*q**4 + 0 - 1/120*q**6 - 2*q**2 + 0*q + q**3 + 1/60*q**5. Determine m(0).
6
Let u(j) = -j**3 - j - 1. Let r(y) = -2*y**3 + 8*y**2 - 9*y + 2. Let b(g) = r(g) - u(g). Determine b(7).
-4
Let l(k) = 3*k**3 + 2*k**2 + k + 1. Let j(d) = -2*d**2 - d. Let i(p) = -2*j(p) - l(p). Calculate i(2).
-15
Suppose 5*b = 4*b + 4. Let k(v) = v**3 + 4*v**2 + 0*v - 1 + v - b + 0*v**3. Calculate k(-4).
-9
Let u(q) = -19*q**2 + q. Suppose -12*a = -8*a - 4. What is u(a)?
-18
Let i be (-3 + -8)/((-2)/2). Suppose -2*t + 5*t = 4*m - i, 0 = -2*t + 4*m - 6. Let a(b) = 2 - 4*b - 4 + 3*b. Calculate a(t).
3
Let z(j) be the second derivative of j**3/6 - 5*j**2 + j. Suppose -4*d = -0*d. Suppose 4*m - 2*c - 28 = d, -3*m + 35 = -4*c - c. Calculate z(m).
-5
Suppose -4 + 6 = g. Let b(l) = 4*l - 1. Determine b(g).
7
Let p(i) = -i + 8. Let l be p(8). Let k(g) = g**2 - 4*g**2 + 5 - 7*g + 4*g**2 + l*g**2. Determine k(6).
-1
Let h(z) = z**3 + 3*z**2 + z - 1. Let f be ((-9)/(-6))/(3/(-8)). Let a(c) = c**2 - 5*c - 8. Let y be a(6). Let x be 1 - f*(y + 1). What is h(x)?
-4
Let w(c) = -c**2 + 6*c + 5. Let u(t) = t**2 - 7*t - 5. Let v(m) = 4*u(m) + 5*w(m). Let f = -4 - -8. What is v(f)?
-3
Let u(h) = h**2 - 7*h + 4. Suppose t - 2*k + 5 = 0, 2*k + 3 = 3*t - 2. Let j be u(t). Let l be (j/9)/((-2)/3). Let s(x) = x - 2. Calculate s(l).
-1
Suppose -7 - 11 = -2*x. Suppose -5*z = -x - 11. Let s(b) = 2*b - 4. Calculate s(z).
4
Let b(h) = h + 5. Let p be 12/24*(-1 - 5). Let q be b(p). Let u(t) = -4*t + 3. Give u(q).
-5
Let u(o) be the third derivative of -o**7/1260 + o**6/360 + o**5/120 - o**4/6 - 4*o**2. Let k(c) be the second derivative of u(c). Give k(2).
-3
Suppose -3*a + 5*k = -a + 8, -32 = -2*a - 5*k. Suppose 0*p - 2*p = -a. Let d(o) = o**2 - 4*o - 3. What is d(p)?
-6
Let v(w) = w**2 - 2*w - 1. Let m = 72 - 73. Calculate v(m).
2
Let d(y) = -y**3 + 2*y**2 + 2*y - 2. Let m be d(2). Let c(o) be the second derivative of -m*o**2 - o + 0 - 1/2*o**3. Give c(-3).
5
Let n = -9 - -12. Let m(v) = 0*v - 2*v - 3*v + n*v + 1. What is m(2)?
-3
Let w(s) = -14 + 6 + s + 8. Suppose 2*t + 2*t + 5*d = -25, 5*t - 10 = 2*d. Suppose t = 2*r + 3*r - 20. Give w(r).
4
Let c be (-1)/3 - 7/(-3). Let d(b) = -6*b**c - 2*b + b**3 - 4 - 2 + 6. Determine d(6).
-12
Let m be (1/3)/(4/(96/2)). Let g(c) = -2*c**2 + 4*c. Determine g(m).
-16
Let r(t) = 8*t + 2*t**2 + 0*t**2 - 3 - 2. Let k(g) be the third derivative of g**4/24 - g**3/6 - 3*g**2. Let i(x) = -4*k(x) + r(x). Give i(-3).
5
Let q(n) = -n**3 + 5*n**2 - 4*n - 1. Let i(r) = r**2 + 2*r + 1. Let s = 0 - 3. Let d be i(s). Determine q(d).
-1
Let t(a) be the second derivative of 3*a**3/2 + a**2/2 + 3*a. Suppose -2*f + 2 = -f. Suppose x = 1 - f. What is t(x)?
-8
Let j(c) be the second derivative of -c**4/6 - c**3/6 - 3*c. What is j(1)?
-3
Let v(g) be the first derivative of 5*g**2/2 + 2*g + 4. Calculate v(-2).
-8
Let n(l) = 2*l - 23. Let y(j) = -j + 12. Let v(p) = 4*n(p) + 7*y(p). What is v(4)?
-4
Let t(c) = -1 + 30*c + 3 - c**2 - 28*c - 3. What is t(1)?
0
Let m = -97 + 91. Let j(d) = -d**3 - 7*d**2 - 2*d + 8. Calculate j(m).
-16
Let c be (-4 + 7)/(6/2). Let o(m) = c + 2 + 1 + 1 - m. Calculate o(6).
-1
Let w(t) be the third derivative of t**6/120 - t**5/12 - t**4/24 + t**3/6 - 13*t**2. Let x(b) = b**2 - 3*b + 3. Let o be x(4). Suppose f - o + 2 = 0. Give w(f).
-4
Let s(f) be the third derivative of f**5/60 - f**4/24 + f**3/2 + 5*f**2. What is s(-4)?
23
Let g(z) = -z**3 + z**2 + z. Let n(f) = -7*f**3 + 3*f**2 + 4*f + 1. Let d(b) = 2*g(b) - n(b). Suppose -5*h - 4 - 1 = 0. Determine d(h).
-5
Let v(r) = -12*r - 1. Let y(g) = -g**2 - 7*g + 7. Let a be y(-8). Give v(a).
11
Let r = 4 - 3. Let x(d) = -1 - 2*d - 2 + 2. What is x(r)?
-3
Let h(g) = -g**2 - 3*g - 1. Let x = -7 + 10. Let i(j) = -8 - 2*j + x*j - 2*j. Let f be i(-7). What is h(f)?
1
Let s = -20 + 17. Let j(t) be the first derivative of t**6/180 + t**5/60 - t**4/8 - 2*t**3/3 - 3. Let p(u) be the third derivative of j(u). What is p(s)?
9
Let w = 12 - 19. Let c(n) = n + 7. Let s be c(w). Let i(r) = 6 + s*r + r**2 - r + 2*r. Determine i(0).
6
Let a(d) = 7*d**2 + 2*d - 1. Let x be (-1 - -2) + 18/2. Let f = -9 + x. What is a(f)?
8
Let i(k) = -30*k - 10. Let g(w) = 2*w + 1. Let j(h) = -20*g(h) - 2*i(h). Calculate j(1).
20
Suppose -3*r + 3*c = -c + 6, -3*c + 5 = -2*r. Let z(q) = -2*q**3 - 2*q**2 + 4. Let k(s) = -2*s**3 - 2*s**2 + 5. Let p(h) = r*k(h) - 3*z(h). Determine p(-2).
-10
Suppose -3*m = -y + 11, 5*m - 2*y + 17 = -0. Let n(o) be the second derivative of -o**5/20 - o**4/2 - o**3 - 2*o**2 + o. Give n(m).
1
Let l(b) be the second derivative of b**5/120 + b**4/24 + b**3/6 - 3*b. Let p(o) be the second derivative of l(o). What is p(6)?
7
Let p(g) = -g**3 - 3*g**2 + g. Suppose 12 = -3*c - c. Determine p(c).
-3
Suppose -3*a = 10 + 8. Let v(w) = w + 8. Give v(a).
2
Let q = -31 + 33. Let m(o) be the third derivative of 1/3*o**3 - 1/60*o**6 + 0*o - o**2 + 1/20*o**5 - 1/8*o**4 + 0. Give m(q).
-8
Let b(j) = j**3 + 3*j**2 + 3*j + 2. Let s be b(-2). Let f(g) = g**3 - 2*g**3 - g + 5 + 2*g. What is f(s)?
5
Let p(h) = 61 - 18 + h**2 + 7*h - 26 - 21. Determine p(-5).
-14
Let c(o) be the second derivative of -5*o**3/3 - 11*o. What is c(-1)?
10
Suppose 0 = 5*q + 3*w - 4*w - 1, -5*q - 15 = -5*w. Let f(r) = r**2 + 3*r - 3. Let b(i) = -2*i + 2. Let h(v) = 4*b(v) + 3*f(v). Give h(q).
3
Let s(h) = h**3 + 5*h**2 - 2*h - 4. Let k = 100 - 105. What is s(k)?
6
Suppose -3*m + 3*g + 0 = -3, -4*g = -3*m. Let u be (-1*-1*m)/2. Let p(r) = -r**2 + r + 1. Determine p(u).
-1
Let d(w) = -w**3 - 2*w**2 + 3*w - 4. Let r be 2 - (-2*1 + 2). Let q be 0/(-1*4/r). Suppose g = 5*y + 7, g - 1 + q = 2*y. Determine d(g).
-4
Let t(f) = f + 11. Let v be t(-10). Let o(w) = 2*w**2 + 33*w**3 - 34*w**3 - 4*w**2 + v + 0 - w. Give o(-2).
3
Let y(f) = 4*f + 16. Let h(l) = l + 3. Let j(t) = 11*h(t) - 2*y(t). Let n be j(1). Suppose 0 = -4*m - 0*m - n. Let o(u) = 6*u + 1. Calculate o(m).
-5
Let i = -3 + -1. Let s = -6 - i. Let q(w) = -w**2 - 5*w - 3. Determine q(s).
3
Let i(d) = -2*d**2 + 19*d - 10. Let l(g) = g**2 - 10*g + 5. Let t(j) = 3*i(j) + 5*l(j). What is t(5)?
5
Let j(o) = -7*o - 4. Let g(p) be the first derivative of -3*p**2 - 3*p - 7. Let r(z) = -3*g(z) + 2*j(z). Calculate r(2).
9
Let z(x) be the second derivative of x**4/12 + x**3/3 - x**2 - 2*x. Let j(f) = -4*f - 2. Let s be j(-2). Suppose -2*y + s = 2. What is z(y)?
6
Let r(u) = 4*u**3 - 2*u**2 - 7*u + 4. Let z(g) = 5*g**3 - 2*g**2 - 8*g + 4. Let m(l) = -4*r(l) + 3*z(l). Determine m(4).
-20
Let u = -22 + 28. Let a(k) = 9*k - 1. Let i(z) = 5*z - 1. Let l(p) = 6*a(p) - 11*i(p). What is l(u)?
-1
Let b(x) be the third derivative of -x**4/24 + x**3/6 + 14*x**2. Give b(4).
-3
Let u(n) = 3*n - 4. Let a(w) = 2*w - 3. Let t(c) = -6*a(c) + 5*u(c). Let y(g) = 7*g - 4 + 1 - 1. Let k(x) = 5*t(x) - 2*y(x). Determine k(5).
3
Let s = -12 + 15. Let x(v) = -v**2 - v + 0*v - s*v - 1. Give x(-4).
-1
Let m(i) = -2*i**3 + 4*i**2 - 2*i - 2. Let u